base 2, what is -1110 + -1000?
-10110
In base 16, what is 1a6 - -1?
1a7
In base 13, what is 524 - a?
517
In base 4, what is -1 + -130300?
-130301
In base 12, what is 217 - -2?
219
In base 10, what is 7 - 3564?
-3557
In base 3, what is 21201 + -11?
21120
In base 4, what is 1202 - 1?
1201
In base 3, what is 0 + -110?
-110
In base 9, what is -37 - -54?
16
In base 12, what is 384 - 4?
380
In base 9, what is 435 - 3?
432
In base 11, what is 1 - 224?
-223
In base 4, what is 1 + -10232?
-10231
In base 9, what is 25650 + 5?
25655
In base 7, what is 5 + -263?
-255
In base 11, what is -12 - -241?
22a
In base 8, what is 3 + 1233?
1236
In base 4, what is 133032 + -1?
133031
In base 4, what is 210 + -21?
123
In base 4, what is 2120232 - 3?
2120223
In base 4, what is 21010333 - -1?
21011000
In base 4, what is 1 - -1100?
1101
In base 12, what is 8b - 7?
84
In base 16, what is 23 + 20?
43
In base 15, what is 62a - 0?
62a
In base 10, what is 6 - -147?
153
In base 14, what is -aa - -3?
-a7
In base 3, what is 122 + -122?
0
In base 13, what is -c + c?
0
In base 15, what is -12 - 23?
-35
In base 10, what is 5 + -1729?
-1724
In base 9, what is 6 - 40?
-33
In base 8, what is 24 - -23?
47
In base 8, what is -32 - 10?
-42
In base 12, what is 8821 + 0?
8821
In base 3, what is 2002 + 12?
2021
In base 2, what is -10010 - 1?
-10011
In base 3, what is 10 + 22021021?
22021101
In base 4, what is -300333 - -1?
-300332
In base 14, what is -10b + 27?
-c4
In base 2, what is 100110110110 + -1?
100110110101
In base 16, what is 221 + 1b?
23c
In base 7, what is -5 + -2300?
-2305
In base 12, what is 2 + 9?
b
In base 14, what is a0d - -2?
a11
In base 6, what is 203 + 0?
203
In base 5, what is 31 - 21?
10
In base 9, what is 15 - 441?
-425
In base 10, what is -211 + 2?
-209
In base 6, what is 150 + -25?
121
In base 8, what is 2 + -2?
0
In base 13, what is 6a + 111?
17b
In base 10, what is -2 - -34?
32
In base 2, what is -10 - -111111000?
111110110
In base 11, what is 15 + -4?
11
In base 7, what is -115215 + -2?
-115220
In base 9, what is 522 + 0?
522
In base 10, what is 531 + 0?
531
In base 9, what is -718 - 1?
-720
In base 4, what is 220210 + 10?
220220
In base 8, what is -20 - -270?
250
In base 2, what is -101 + -100100?
-101001
In base 14, what is b - 107?
-da
In base 11, what is 326 - 3?
323
In base 10, what is -7 + 219?
212
In base 5, what is 20 - 20?
0
In base 4, what is -221111 + 10?
-221101
In base 7, what is 6 - 140?
-131
In base 8, what is 6 + -321?
-313
In base 8, what is 304 - 24?
260
In base 3, what is 1120212 + -12?
1120200
In base 6, what is 123 + 21?
144
In base 4, what is -11 - -2212?
2201
In base 2, what is -10010 + -10111000?
-11001010
In base 7, what is -3 - -10451?
10445
In base 6, what is 153 + 31?
224
In base 3, what is -10020 + 11?
-10002
In base 15, what is -b - -d?
2
In base 11, what is 405 + -8?
3a8
In base 12, what is 4 + 688?
690
In base 6, what is 1 + 5134?
5135
In base 10, what is -7 + 506?
499
In base 9, what is 2 - 368?
-366
In base 16, what is -4 - -81?
7d
In base 12, what is -5 + 1101?
10b8
In base 15, what is -1b - 8?
-24
In base 16, what is 3 - -16f?
172
In base 10, what is 165 - -4?
169
In base 9, what is 6867 - -4?
6872
In base 3, what is 2 + 2100?
2102
In base 12, what is 51 + -7?
46
In base 11, what is 0 - -56?
56
In base 15, what is 1d5 - -5?
1da
In base 8, what is -3 + 0?
-3
In base 9, what is 8 - -1241?
1250
In base 9, what is -40 - 3?
-43
In base 3, what is -1221 + 2?
-1212
In base 14, what is -5 - -1a?
15
In base 8, what is -34 + 6?
-26
In base 5, what is 23 + 112?
140
In base 10, what is 17185 - -4?
17189
In base 2, what is -11010101001 - 0?
-11010101001
In base 6, what is -2 - -523?
521
In base 16, what is 11 + -146?
-135
In base 12, what is 36a - 3?
367
In base 5, what is 0 - 424?
-424
In base 10, what is -86 - 118?
-204
In base 3, what is 11101 + 12?
11120
In base 16, what is c61 + 1?
c62
In base 15, what is -81 + -3d?
-be
In base 16, what is 23 - 9?
1a
In base 11, what is 501 + 2?
503
In base 12, what is 65 + 7?
70
In base 3, what is 1121 + 1100?
2221
In base 15, what is -6 + -4d?
-54
In base 13, what is -13c2 + 1?
-13c1
In base 8, what is 5 + -306?
-301
In base 14, what is -1 - -d0?
cd
In base 3, what is -11000 - -1?
-10222
In base 4, what is -1 - 12?
-13
In base 9, what is -64 + -38?
-113
In base 8, what is -5 + 307?
302
In base 11, what is 7 + 31?
38
In base 4, what is 0 + 212?
212
In base 10, what is -92 + -5?
-97
In base 5, what is 14 - 33?
-14
In base 10, what is -2 - 1598?
-1600
In base 11, what is 8 - 639?
-631
In base 11, what is 8 - -64?
71
In base 10, what is -18 - 70?
-88
In base 14, what is 1b2d + 4?
1b33
In base 13, what is -4 - -45?
41
In base 12, what is -5 + b78?
b73
In base 5, what is 23310 - 3?
23302
In base 10, what is 618 + 5?
623
In base 8, what is 62 - 1?
61
In base 4, what is 0 + -1?
-1
In base 10, what is -3926 + 4?
-3922
In base 4, what is -1131 + 1?
-1130
In base 16, what is -7cd - 0?
-7cd
In base 8, what is 22356 - -4?
22362
In base 13, what is -4b - 8?
-56
In base 2, what is 1 + 110010?
110011
In base 5, what is -10 + -2024?
-2034
In base 14, what is 5 + -842?
-83b
In base 5, what is -4 + -114?
-123
In base 15, what is 2 + 79e?
7a1
In base 6, what is 252 - -5?
301
In base 9, what is -3 - -218?
215
In base 2, what is 100101110001 + 0?
100101110001
In base 15, what is -5 + c?
7
In base 5, what is 323400 - 10?
323340
In base 9, what is -3 - 556?
-560
In base 12, what is -106 + -2?
-108
In base 13, what is 119 - 85?
64
In base 16, what is 5 + 471?
476
In base 11, what is 4 - 26?
-22
In base 4, what is -10310 + 0?
-10310
In base 10, what is 0 + -28?
-28
In base 6, what is 13 + 41?
54
In base 10, what is 2033 - -4?
2037
In base 16, what is 1 - -18f?
190
In base 13, what is 199 + 3?
19c
In base 8, what is 246 + -4?
242
In base 15, what is -750 + 2?
-74d
In base 5, what is -10 + 1?
-4
In base 9, what is 417 - 0?
417
In base 9, what is -143 + -10?
-153
In base 11, what is 4 - 21?
-18
In base 14, what is -48cb - 1?
-48cc
In base 14, what is -2 - -a8?
a6
In base 8, what is 1067 + 4?
1073
In base 7, what is 0 - -24?
24
In base 6, what is -1 + -1345?
-1350
In base 11, what is -234 - 6?
-23a
In base 2, what is -10 - 11?
-101
In base 5, what is -123 + 2?
-121
In base 9, what is -516 - -2?
-514
In base 11, what is 49a + -1?
499
In base 14, what is -5 - -a66?
a61
In base 13, what is 12 + 303?
315
In base 5, what is -3 + -13323?
-13331
In base 14, what is 2b1a + -5?
2b15
In base 14, what is -176 - -24?
-152
In base 9, what is -110 + -3?
-113
In base 3, what is 0 - -2022?
2022
In base 14, what is -3 - 3cc?
-3d1
In base 13, what is -88 - 2?
-8a
In base 2, what is 11010 + -11?
10111
In base 4, what is -1201 - -22?
-1113
In base 13, what is -732 + -3?
-735
In base 6, what is -2 - 10114?
-10120
In base 5, what is -10 + 1110?
1100
In base 10, what is 4 + -2430?
-2426
In base 12, what is -107 - -3?
-104
In base 11, what is -a302 - -2?
-a300
In base 5, what is -30 - -3?
-22
In base 6, what is 12 - -24?
40
In base 5, what is 24020 - -4?
24024
In base 16, what is 12 - 25d?
-24b
In base 6, what is 414 + 42?
500
In base 16, what is 4 + 1d?
21
In base 3, what is -1021 + 2001?
210
In base 9, what is 1545 - -28?
1574
In base 13, what is bb + 0?
bb
In base 13, what is 115 - 3?
112
In base 13, what is -2 + 565?
563
In base 4, what is -1 + -3?
-10
In base 8, what is 22 + -3?
17
In base 15, what is -1d3c - 5?
-1d42
In base 16, what is -4 - -46?
42
In base 5, what is -4 + -212?
-221
In base 13, what is -62b - -3?
-628
In base 10, what is 8 + -20?
-12
In base 9, what is -237 - 16?
-254
In base 5, what is 20234 + 3?
20242
In base 4, what is 0 + 2233?
2233
In base 4, what is 11 + -20023?
-20012
In base 12, what is 28 + -2?
26
In base 5, what is 230 + 13?
243
In base 8, what is 11756 - -4?
11762
In base 13, what is -127 - -1?
-126
In base 3, what is -10 + 111222?
111212
In base 4, what is -222 - -112?
-110
In base 4, what is 210213 + 10?
210223
In base 9, what is 45 + 187?
243
In base 8, what is 1 - -601?
602
In base 11, what is -76 - -13?
-63
In base 3, what is 2100121 - 2?
2100112
In base 2, what is -100001110 + -10001?
-100011111
In base 9, what is 2 - -11670?
11672
In base 6, what is 2234 - 2?
2232
In base 4, what is 1213 + 2?
1221
In base 